-236 = -5*l + o. What is the units digit of l?
9
Suppose 0 = -2*v - 5*k + 530, -v + 2*k = -4*v + 784. Let j = -1121 + 1486. Let b = j - v. What is the hundreds digit of b?
1
Let w = -885 - -1660. Let x = w - -470. What is the hundreds digit of x?
2
Suppose 2966 = 2*n - t - 2105, 0 = -2*n - t + 5069. Suppose -n - 775 = -5*v. What is the hundreds digit of v?
6
Suppose 558 = o + 2*o. Suppose 4*m - 14 + 10 = 0, 0 = -p + 5*m - 130. Let u = p + o. What is the units digit of u?
1
Let q = 649 - 645. Suppose 32*d - 37*d = -q*m - 3947, -10 = -5*m. What is the units digit of d?
1
Suppose 0 = x - 5*t - 1, 25 + 46 = 3*x + 2*t. Suppose 3*p + 17 - 4 = 5*z, -z + x = 4*p. What is the units digit of p + -1 + 5 + 20?
8
Let o(c) = -2222*c + 2252. What is the hundreds digit of o(-14)?
3
Let o(y) = 10*y**2 - 32*y + 358. Let i = -442 + 455. What is the thousands digit of o(i)?
1
Let b(y) = -2*y - 10*y**2 + 10*y**2 - 4 - 3*y**3 - 5*y**3. Let m be b(-2). Let l = 149 - m. What is the units digit of l?
5
Suppose 27*f = 19*f - 2432. Let n = f - -1526. What is the tens digit of n?
2
Let s be ((-242)/55)/((-2)/5). Let a = 13 - s. Suppose 0*q = -a*q + 52. What is the units digit of q?
6
Let d(r) = -10*r + 6. Let f be d(3). Let k = -17 - f. Suppose 138 = 2*g + 2*h, k*g - 4*g + 2*h = 207. What is the tens digit of g?
6
Suppose 0 = 7*s - 25*s + 342. Suppose 14*g + 3545 = 5*t + s*g, 0 = -3*t + 5*g + 2159. What is the tens digit of t?
1
Suppose -4*j - 2770 + 794 = 0. Let y = j + 829. What is the tens digit of y?
3
What is the thousands digit of 10/25 - ((-1193094)/(-45))/(-7)?
3
Let a be 9/(-4 - -1) - 77/(-11). Suppose a*p - 44 = 4. Suppose -p*f + 609 = -9*f. What is the units digit of f?
3
Suppose 9*r - 27 = -18. Let f(b) be the second derivative of 7*b**4/3 - b**3/6 + b**2 - b. What is the tens digit of f(r)?
2
Suppose -3*c = -5*b - 15 + 84, -5*b - 2*c + 54 = 0. Let o(a) = 31*a - 15. What is the hundreds digit of o(b)?
3
Let n = 18647 - 8772. What is the tens digit of n?
7
What is the thousands digit of ((-6)/(-15))/((66/(-76945))/(-6))?
2
Let d(i) = -i**3 - 16*i**2 + 21*i + 37. Let t be d(-17). Let z be 10/(-60) - t/6. Suppose y = z*c - 1004, 4*c + 134 = -y + 939. What is the units digit of c?
1
Let u(v) = 2*v**2 + v + 179. Let c(a) = a + 40. Let n be c(-40). What is the units digit of u(n)?
9
Suppose 5*z + 1761 - 1946 = 0. Suppose z*w + 16*w = 14469. What is the tens digit of w?
7
Let k = -8273 - -20092. What is the thousands digit of k?
1
Suppose 0 = -45*p - p - 119692. Let h = p + 3755. What is the hundreds digit of h?
1
Let o be (-6)/(-15) - (-456)/10. Let n(p) = -5*p**2 - 48*p - 63. Let a be n(-8). What is the units digit of 1*(-2)/a*(-161)/o?
7
Let q(c) = 5818*c - 1837. What is the units digit of q(10)?
3
Let c(w) = -3*w - 44. Let s be c(-15). What is the tens digit of 4/(-22) - (7860/(-33) + s)?
3
Let g(m) = -2*m**3 + 153*m**2 - 54*m + 133. What is the units digit of g(25)?
8
Let t = -5089 - -6771. What is the thousands digit of t?
1
Suppose -437152 = -55*a + 23*a. What is the units digit of a?
1
Suppose -3*y + 2*y - 2 = 0, 3*y + 26 = 5*i. Suppose -6*t + i*t = -776. Suppose 5*w + t = 4*z, 3*w - w - 8 = 0. What is the hundreds digit of z?
1
Suppose 591 = 16*r - 4465. Suppose -6*t - 5*y = -5*t - 316, t - r = 5*y. What is the tens digit of t?
1
Let j be 5505/(-10)*2/(-3). Let y = j - 583. Let n = -126 - y. What is the tens digit of n?
9
Let n = 2888 + -4215. Let s = -509 - n. What is the tens digit of s?
1
Let a be 4*4/16*-398. Suppose 0*k - 3*h - 1335 = 2*k, 0 = -3*k + 4*h - 2011. Let g = a - k. What is the hundreds digit of g?
2
Let h(a) = 13*a**2 - 60*a + 615. What is the units digit of h(13)?
2
Let k be 6/(-6) + -1 + 289*1. Let y = k + -92. What is the units digit of y?
5
Let q(v) = -v - 9. Let i be q(10). Let d = i - -24. Let s(k) = 2*k**3 - 6*k**2 - 5*k + 2. What is the units digit of s(d)?
7
What is the hundreds digit of 1894269/429 + (-24)/44?
4
Let v(u) = -u**3 - 7*u + 4. Let n be v(3). Let b = 17 - n. Let x = 84 - b. What is the units digit of x?
3
Let q(m) = -27*m**2 + 294*m - 13. What is the tens digit of q(7)?
2
Let m(y) = -246*y - 37. Let o be m(-2). Suppose -3*v + o = p, -4*v + 695 = -5*p + 82. What is the units digit of v?
2
Suppose 3*w = 4*z - 148, z = -3*w + 4*w + 49. Suppose -5*h = 3*k + 101, 5*h - 4*k = 2*h - 49. Let r = h - w. What is the tens digit of r?
2
Let m(o) = -4962*o - 6043. What is the ten thousands digit of m(-6)?
2
Let b = -109 + 109. What is the units digit of (33/66)/(b - (-2)/3160)?
0
Let a(k) = 48*k - 39. Suppose 12*g - 213 + 21 = 0. What is the hundreds digit of a(g)?
7
Let s(r) = 11*r**2 - 93*r - 860. What is the hundreds digit of s(-9)?
8
Let x(o) = -o + 1. Suppose -11*n = -9*n - 2. Let z(i) = 2*i**2 - 6*i + 24. Let j(b) = n*z(b) - 6*x(b). What is the units digit of j(-4)?
0
Suppose 0 = -3*m + 3*o + 81, 0 = -2*m + 4*m - o - 56. Let k be (4 - 0/(-6))*m/(-4). Let b = k + 53. What is the units digit of b?
4
What is the tens digit of 3 + 1 - (-4913 + 161)?
5
Let a(j) = -15*j + 94. Let r be a(6). Let q = 3 - 3. Suppose -r*p = c - 5*c - 280, p + c - 74 = q. What is the tens digit of p?
7
Let a(u) = -u**2 - 2*u + 193. Let k be a(0). Let m = -140 - -270. Let d = k - m. What is the tens digit of d?
6
Let h(s) = s - 15. Let x be h(22). Let z = 1 + x. Suppose 0 = z*u - 0*u - 768. What is the tens digit of u?
9
Let x(t) = -1115*t + 68930. What is the tens digit of x(0)?
3
Let j(v) = -283*v - 1524. What is the tens digit of j(-14)?
3
Suppose -420*r + 582*r = 204768. What is the thousands digit of r?
1
Let f be ((-20)/(-8) + -4)*(-16)/(-6). What is the tens digit of (1 + -5)*278/f?
7
Let d(z) = -z**3 - 27*z**2 + 1448*z + 2. What is the units digit of d(-55)?
2
Suppose 13522 = 7*h - 23921. What is the thousands digit of h?
5
Suppose -o + 336 = k, -4*o + 1342 = k + k. Suppose -125 = 7*g - o. Suppose -3 = q + 2*s, 0 = 5*q - 3*s - 2*s - g. What is the units digit of q?
3
Let m(t) = 6*t + t - 8*t - 1 + 2. Let c be m(-1). Suppose 0 = -2*s - 4*v + 60, -3*s + c*v + 2*v = -120. What is the units digit of s?
6
Let i = -4003 + 8876. What is the tens digit of i?
7
What is the tens digit of ((-39)/195)/((-2)/80170)?
1
Suppose -5*z + 19796 = -2619. What is the units digit of z?
3
Suppose -z + 4*d = -6173, 18*d - 30732 = -5*z + 19*d. What is the units digit of z?
5
Let x(o) = o**2 + 1. Let h be ((-3)/1 - 3/(-1)) + 1. Let p(q) = -17*q + 21. Let s(y) = h*x(y) - p(y). What is the tens digit of s(-22)?
9
Suppose -237*d = 32*d - 2152738 - 2757319. What is the ten thousands digit of d?
1
Suppose -g + 7 = 4*n, 5*g + 2*n = 15 + 20. Suppose -62 = -g*b + 120. What is the tens digit of b?
2
Suppose 0 = 8*s - 5*s - 12. Suppose 2*h + 5*y + 12 = 3*y, -24 = s*h - 3*y. What is the units digit of h/(-9)*(-114)/(-4)?
9
Let l = -2934 - -5243. Suppose l = 14*x - 7085. Suppose 4*h - 3*u = x, 4*h - 641 = -6*u + 3*u. What is the tens digit of h?
6
Suppose -390150 = -2070*u + 2040*u. What is the tens digit of u?
0
Suppose -3*j = -y + 18444, 3*j = -5*y - 0*y + 92346. What is the units digit of y?
5
Let a(h) = -23*h**2 + 4*h - 3. Let y be a(1). Let z = y - -233. What is the units digit of z?
1
Let m = 2833 + 27300. What is the units digit of m?
3
What is the units digit of -1 + 91/28 + (-66897)/(-12)?
7
Let s = -58 + 63. Suppose -4*h - 309 = -3*h + 3*a, h + 315 = -s*a. Let c = 600 + h. What is the tens digit of c?
0
Let l(w) = 74*w**2 - 4*w - 29. Let s(h) = -h**3 - 4*h**2 + 10*h - 8. Let q be s(-6). What is the tens digit of l(q)?
3
Suppose -1038911 = -54*i - 338153. What is the tens digit of i?
7
Let t(l) = 129*l**2 + 20*l + 72. What is the units digit of t(-6)?
6
Suppose -111*d = -140*d + 422501. What is the ten thousands digit of d?
1
Suppose 10*t + 23010 - 189294 = -8*t. What is the thousands digit of t?
9
Suppose -5*q = -7*q + 88. Let n = q - 40. Suppose -376 = -4*i - 5*c, 0*c = 2*i + n*c - 194. What is the tens digit of i?
8
Suppose -121*i = -130*i + 51957. What is the tens digit of i?
7
Let i be (3 + (-652)/(-8))*-2. Let v be 134*1/26 - (-26)/i. What is the tens digit of ((-9)/4)/(v + 1615/(-320))?
4
Let h = -6350 - -8394. What is the tens digit of h?
4
Suppose 5*w - 4*p + 50 = 0, 2*w - 18 = -4*p - 10. Let z(i) = 6*i**2 - 2*i - 11. What is the tens digit of z(w)?
1
Suppose 1